2567?
False
Does 2 divide 28132?
True
Is 3 a factor of 10782?
True
Is 20 a factor of 220780?
True
Is 116004 a multiple of 66?
False
Does 56 divide 1215981?
False
Does 427 divide 7369593?
True
Does 5 divide 6420868?
False
Is 49 a factor of 504548?
False
Is 64710 a multiple of 75?
False
Is 83 a factor of 217361?
False
Does 8 divide 1308630?
False
Is 16668 a multiple of 9?
True
Does 65 divide 10010?
True
Does 4 divide 282969?
False
Does 40 divide 1274849?
False
Is 7 a factor of 116940?
False
Does 9 divide 127521?
True
Is 1910405 a multiple of 387?
False
Does 6 divide 24689?
False
Is 89735 a multiple of 131?
True
Does 122 divide 4449981?
False
Does 130 divide 1919840?
True
Is 18 a factor of 309060?
True
Does 4 divide 6568847?
False
Is 101394 a multiple of 19?
False
Is 150 a factor of 952217?
False
Is 85 a factor of 17425?
True
Is 38267 a multiple of 27?
False
Does 94 divide 6111222?
True
Is 463 a factor of 2598356?
True
Is 27959 a multiple of 4?
False
Is 50708 a multiple of 14?
True
Is 5716154 a multiple of 556?
False
Is 11 a factor of 283020?
False
Is 159049 a multiple of 118?
False
Is 58 a factor of 877598?
True
Is 17 a factor of 7830353?
True
Is 328034 even?
True
Does 46 divide 4499?
False
Is 189982 a multiple of 497?
False
Is 35064 a multiple of 4?
True
Is 193 a factor of 367896?
False
Is 6044995 a multiple of 8?
False
Is 156200 a multiple of 275?
True
Is 58307 a multiple of 122?
False
Is 11 a factor of 456421?
False
Is 5 a factor of 6173?
False
Is 8 a factor of 728240?
True
Is 4774589 a multiple of 31?
True
Is 13 a factor of 2225886?
True
Does 3 divide 2958573?
True
Is 358852 a multiple of 49?
False
Is 595 a factor of 3883045?
False
Is 142 a factor of 32311?
False
Is 44 a factor of 466543?
False
Is 821178 a multiple of 274?
True
Is 4832 a multiple of 151?
True
Does 6 divide 3421?
False
Is 1182328 a multiple of 172?
True
Is 423844 a multiple of 2?
True
Is 2384728 a multiple of 38?
True
Is 70 a factor of 489020?
True
Does 45 divide 1417871?
False
Is 428449 a multiple of 64?
False
Is 15 a factor of 1136874?
False
Does 9 divide 4325940?
True
Is 13 a factor of 36699?
True
Does 12 divide 3234474?
False
Does 89 divide 6115546?
True
Does 47 divide 6457612?
True
Is 160254 a multiple of 307?
True
Does 5 divide 84786?
False
Does 9 divide 61012?
False
Is 923742 a multiple of 213?
False
Is 119617 a multiple of 320?
False
Does 59 divide 28438?
True
Is 19 a factor of 94126?
True
Is 19461753 a multiple of 971?
True
Is 509 a factor of 1216755?
False
Is 2527200 a multiple of 52?
True
Is 455365 even?
False
Does 373 divide 396034?
False
Does 30 divide 35190?
True
Does 518 divide 1260355?
False
Does 9 divide 264447?
True
Is 924810 a multiple of 29?
True
Is 220647 a multiple of 3?
True
Is 20 a factor of 107156?
False
Is 22104 a multiple of 6?
True
Does 38 divide 3068234?
True
Is 2593020 a multiple of 230?
True
Is 1683 a multiple of 3?
True
Is 194 a factor of 324052?
False
Is 15 a factor of 372608?
False
Is 242 a factor of 387442?
True
Does 121 divide 706309?
False
Is 16 a factor of 280288?
True
Does 241 divide 30088?
False
Is 162434 a multiple of 420?
False
Does 414 divide 38088?
True
Is 475 a factor of 1097250?
True
Is 587219 a multiple of 299?
False
Is 417998 a multiple of 188?
False
Is 29827134 a multiple of 2198?
False
Does 96 divide 22848?
True
Is 170 a factor of 99967?
False
Is 4 a factor of 220348?
True
Does 54 divide 304722?
True
Is 883020 a multiple of 908?
False
Does 15 divide 84135?
True
Is 129 a factor of 47234?
False
Is 571392 a multiple of 192?
True
Is 41 a factor of 1064186?
False
Is 366205 a multiple of 35?
True
Is 49 a factor of 2905210?
True
Does 599 divide 11964779?
False
Does 307 divide 440024?
False
Does 7 divide 77241?
False
Is 461138 a multiple of 12?
False
Does 15 divide 372124?
False
Is 64 a factor of 10337973?
False
Is 25 a factor of 650450?
True
Is 210 a factor of 1718734?
False
Is 12 a factor of 20267?
False
Does 97 divide 1503315?
False
Is 86 a factor of 6667?
False
Is 19 a factor of 920170?
True
Is 436 a factor of 65534?
False
Does 99 divide 2543093?
False
Is 168544 a multiple of 55?
False
Does 401 divide 250224?
True
Does 60 divide 1631914?
False
Is 11 a factor of 237420?
False
Is 79 a factor of 294130?
False
Is 94785 a multiple of 213?
True
Is 23 a factor of 130824?
True
Is 87 a factor of 459447?
True
Is 30 a factor of 1563390?
True
Does 156 divide 295464?
True
Is 2590495 a multiple of 22?
False
Is 24 a factor of 357672?
True
Is 547 a factor of 587478?
True
Is 333359 a multiple of 13?
True
Is 1139697 a multiple of 131?
False
Is 42 a factor of 71966?
False
Does 632 divide 520136?
True
Does 86 divide 5241985?
False
Does 22 divide 17282297?
False
Does 15 divide 295935?
True
Does 318 divide 650946?
True
Is 18 a factor of 14189346?
True
Is 48 a factor of 252473?
False
Is 411 a factor of 231393?
True
Is 115164 a multiple of 29?
False
Is 119 a factor of 9862?
False
Does 49 divide 2653908?
False
Does 13 divide 1439543?
False
Does 99 divide 2360150?
False
Is 53352 a multiple of 18?
True
Is 1431948 a multiple of 42?
True
Does 473 divide 1353331?
False
Is 20565 a multiple of 15?
True
Is 12 a factor of 2041584?
True
Does 13 divide 25844?
True
Is 3 a factor of 15120?
True
Is 203 a factor of 27854?
False
Does 14 divide 322336?
True
Is 294993 a multiple of 9?
True
Is 15 a factor of 303809?
False
Does 204 divide 925121?
False
Does 1397 divide 17287875?
True
Is 2041850 a multiple of 31?
False
Is 63 a factor of 174182?
False
Is 265655 a multiple of 65?
True
Is 95216 a multiple of 40?
False
Is 6 a factor of 94260?
True
Is 330 a multiple of 81?
False
Is 18 a factor of 14961?
False
Does 70 divide 10570?
True
Is 37 a factor of 487475?
True
Is 349680 a multiple of 94?
True
Is 2106 a factor of 18254808?
True
Is 7 a factor of 679385?
True
Does 19 divide 77412?
False
Is 84 a factor of 91980?
True
Does 92 divide 6254712?
True
Is 421675 a multiple of 167?
True
Is 63735 a multiple of 607?
True
Is 100438 a multiple of 109?
False
Does 9 divide 2953692?
True
Is 8598649 a multiple of 643?
False
Is 124620 a multiple of 10?
True
Is 17 a factor of 1699830?
True
Is 36 a factor of 66744?
True
Is 1235216 a multiple of 8?
True
Is 764 a factor of 2055687?
False
Is 102055 a multiple of 6?
False
Is 117 a factor of 10967814?
True
Is 546570 a multiple of 9?
True
Does 898 divide 3186231?
False
Is 59208 a multiple of 12?
True
Is 190036 a multiple of 36?
False
Is 37286 a multiple of 181?
True
Does 14 divide 334577?
False
Does 19 divide 171399?
True
Is 62 a factor of 111662?
True
Is 481 a factor of 885521?
True
Is 48 a factor of 1373424?
True
Is 45 a factor of 1292871?
False
Is 44604 a multiple of 59?
True
Is 139 a factor of 3262469?
True
Is 2927653 a multiple of 19?
True
Is 289836 a multiple of 2?
True
Is 204694 a multiple of 130?
False
Is 96 a factor of 172416?
True
Is 20 a factor of 200?
True
Is 3943789 a multiple of 34?
False
Is 469873 a multiple of 343?
False
Is 220 a factor of 1814560?
True
Is 4 a factor of 495212?
True
Is 616070 a multiple of 26?
True
Is 313 a factor of 1080476?
True
Is 17 a factor of 3986447?
False
Is 14787117 a multiple of 1924?
False
Does 37 divide 1550596?
True
Is 34147 a multiple of 2?
False
Is 355435 a multiple of 9?
False
Is 7 a factor of 605714?
False
Is 4328 a multiple of 9?
False
Is 106560 a multiple of 192?
True
Does 25 divide 7118715?
False
Is 64 a factor of 336808?
False
Does 17 divide 8233168?
True
Does 695 divide 3353451?
False
Does 48 divide 2797920?
True
Is 1166403 even?
False
Does 71 divide 73368?
False
Does 86 divide 32766?
True
Is 8 a factor of 96921?
False
Is 137088 a multiple of 448?
True
Is 1972634 a multiple of 1226?
True
Does 108 divide 11347?
False
Does 32 divide 59552?
True
Is 91 a factor of 6912815?
True
Does 75 divide 105600?
True
Does 33 divide 3487308?
True
Does 330 divide 22910250?
True
Is 24 a factor of 10787160?
True
Is 133669 a multiple of 26?
False
Does 132 divide 1538196?
True
Is 91 a factor of 2821?
True
Is 256834 a multiple of 61?
False
Does 11 divide 57133?
False
Does 9 divide 2636358?
False
Is 10 a factor of 1199600?
True
Is 2908373 a multiple of 23?
True
Is 56 a factor of 1309959?
False
Is 8529546 a multiple of 6?
True
Is 21259 a multiple of 49?
False
Is 178260 a multiple of 6?
True
Is 5958891 a multiple of 9?
